{"id":48,"date":"2025-03-25T10:40:38","date_gmt":"2025-03-25T10:40:38","guid":{"rendered":"https:\/\/rin.si\/?page_id=48"},"modified":"2025-03-25T10:57:09","modified_gmt":"2025-03-25T10:57:09","slug":"racek","status":"publish","type":"page","link":"https:\/\/rin.si\/index.php\/racek\/","title":{"rendered":"RA\u010cek"},"content":{"rendered":"\n<h1 class=\"wp-block-heading\">RA\u010cek<\/h1>\n\n\n\n<h2 class=\"wp-block-heading\">Opis projekta<\/h2>\n\n\n\n<p><\/p>\n\n\n\n<p>V okviru javnega razpisa \u201cRazvoj ra\u010dunalni\u0161kega mi\u0161ljenja z vklju\u010devanjem STEM kompletov v vrtcih in osnovnih \u0161olah od 1. do 5. razreda\u201d je UP PEF pridobila projekt za celovito preobrazbo zelenega in digitalnega izobra\u017eevanja. Pri projektu sodeluje tudi FNM UM.<\/p>\n\n\n\n<p>Projekt, ki ga sofinancirata Ministrstvo za vzgojo in izobra\u017eevanje RS ter Evropska unija \u2013 NextGenerationEU, si prizadeva za krepitev digitalnih kompetenc in temeljnih znanj ra\u010dunalni\u0161tva in informatike z razvijanjem ra\u010dunalni\u0161kega mi\u0161ljenja. Razpis je del evropskega Na\u010drta za okrevanje in odpornost, ki v razvojni usmeritvi \u201cPametna, trajnostna in vklju\u010dujo\u010da rast\u201d poudarja krepitev digitalnih kompetenc, pomembnih za sodobne poklice in zeleni prehod.<\/p>\n\n\n\n<p>V okviru projekta bo ra\u010dunalni\u0161ko mi\u0161ljenje razvito z uporabo STEM kompletov (znanost, tehnologija, in\u017eenirstvo in matematika) za doseganje operativnih ciljev kurikula za vrtec in u\u010dnih na\u010drtov osnovnih \u0161ol od 1. do 5. razreda. Projekt se osredoto\u010da na krepitev digitalnih kompetenc ter temeljnih znanj ra\u010dunalni\u0161tva in informatike pri strokovnih delavcih ter otrocih oziroma u\u010dencih v vrtcih, osnovnih \u0161olah, \u0161olah s prilagojenim programom in zavodih za vzgojo in izobra\u017eevanje otrok s posebnimi potrebami. Pri tem poudarja sodobne u\u010dne metode in medpredmetno povezovanje.<\/p>\n\n\n\n<p>Cilj projekta je razvijanje ra\u010dunalni\u0161kega mi\u0161ljenja z vklju\u010devanjem STEM kompletov v izobra\u017eevalni proces od vrtca do 5. razreda. Poseben poudarek je na uporabi sodobnih u\u010dnih oblik, metod dela ter medpredmetnem povezovanju. STEM pristopi omogo\u010dajo integracijo razli\u010dnih predmetnih podro\u010dij, kar spodbuja celostno razumevanje, kriti\u010dno mi\u0161ljenje, ustvarjalnost in prakti\u010dno uporabo znanja. To je klju\u010dno za razvoj ra\u010dunalni\u0161kega mi\u0161ljenja pri otrocih v najzgodnej\u0161ih fazah u\u010denja.<\/p>\n\n\n\n<p>Vodja projekta: dr. Sonja \u010cotar Konrad (UP PEF)<\/p>\n\n\n\n<p>Konzorcijski partnerji projekta: Univerza v Mariboru (FNM UM), Univerza v Ljubljani (Fakulteta za ra\u010dunalni\u0161tvo in informatiko) ter deset VIZov:<\/p>\n\n\n\n<ul class=\"wp-block-list\">\n<li>O\u0160 Celje<\/li>\n\n\n\n<li>O\u0160 \u0160marje pri Kopru \u2013 vrtec<\/li>\n\n\n\n<li>O\u0160 \u0160marje pri Kopru \u2013 \u0161ola<\/li>\n\n\n\n<li>O\u0160 Vojke \u0160muc Izola<\/li>\n\n\n\n<li>Vrtec Jelka<\/li>\n\n\n\n<li>O\u0160 Solkan<\/li>\n\n\n\n<li>Vrtec pri O\u0160 Oskarja Kova\u010di\u010da \u0160kofije<\/li>\n\n\n\n<li>O\u0160 Livade Izola<\/li>\n\n\n\n<li>O\u0160 Du\u0161ana Bordona Semedela \u2013 Koper<\/li>\n\n\n\n<li>Vrtec Pedenjped Ljubljana<\/li>\n<\/ul>\n\n\n\n<figure class=\"wp-block-image size-full\"><img loading=\"lazy\" decoding=\"async\" width=\"400\" height=\"400\" src=\"https:\/\/rin.si\/wp-content\/uploads\/2025\/03\/racek-logo.png\" alt=\"\" class=\"wp-image-49\"\/><\/figure>\n","protected":false},"excerpt":{"rendered":"<p>RA\u010cek Opis projekta V okviru javnega razpisa \u201cRazvoj ra\u010dunalni\u0161kega mi\u0161ljenja z vklju\u010devanjem STEM kompletov v vrtcih in osnovnih \u0161olah od 1. do 5. razreda\u201d je UP PEF pridobila projekt za celovito preobrazbo zelenega in digitalnega izobra\u017eevanja. Pri projektu sodeluje tudi FNM UM. Projekt, ki ga sofinancirata Ministrstvo za vzgojo in izobra\u017eevanje RS ter Evropska unija [&hellip;]<\/p>\n","protected":false},"author":1,"featured_media":0,"parent":0,"menu_order":0,"comment_status":"closed","ping_status":"closed","template":"","meta":{"footnotes":""},"class_list":["post-48","page","type-page","status-publish","hentry"],"_links":{"self":[{"href":"https:\/\/rin.si\/index.php\/wp-json\/wp\/v2\/pages\/48","targetHints":{"allow":["GET"]}}],"collection":[{"href":"https:\/\/rin.si\/index.php\/wp-json\/wp\/v2\/pages"}],"about":[{"href":"https:\/\/rin.si\/index.php\/wp-json\/wp\/v2\/types\/page"}],"author":[{"embeddable":true,"href":"https:\/\/rin.si\/index.php\/wp-json\/wp\/v2\/users\/1"}],"replies":[{"embeddable":true,"href":"https:\/\/rin.si\/index.php\/wp-json\/wp\/v2\/comments?post=48"}],"version-history":[{"count":4,"href":"https:\/\/rin.si\/index.php\/wp-json\/wp\/v2\/pages\/48\/revisions"}],"predecessor-version":[{"id":63,"href":"https:\/\/rin.si\/index.php\/wp-json\/wp\/v2\/pages\/48\/revisions\/63"}],"wp:attachment":[{"href":"https:\/\/rin.si\/index.php\/wp-json\/wp\/v2\/media?parent=48"}],"curies":[{"name":"wp","href":"https:\/\/api.w.org\/{rel}","templated":true}]}}