{"id":89,"date":"2025-04-22T11:35:37","date_gmt":"2025-04-22T11:35:37","guid":{"rendered":"https:\/\/rin.si\/?page_id=89"},"modified":"2025-04-22T11:35:37","modified_gmt":"2025-04-22T11:35:37","slug":"marinka","status":"publish","type":"page","link":"https:\/\/rin.si\/index.php\/marinka\/","title":{"rendered":"MARiNKA"},"content":{"rendered":"\n<p><\/p>\n\n\n\n<h1 class=\"wp-block-heading\">MARiNKA<\/h1>\n\n\n\n<h3 class=\"wp-block-heading\">Opis projekta<\/h3>\n\n\n\n<p><strong>Datum za\u010detka:<\/strong> 06.09.2024<\/p>\n\n\n\n<p><strong>Datum zaklju\u010dka:<\/strong> 30.06.2026<\/p>\n\n\n\n<p><strong>Nosilna organizacija:<\/strong> UP Fakulteta za matematiko, naravoslovje in informacijske tehnolgije<\/p>\n\n\n\n<p><strong>Sodelujo\u010de organizacije:<\/strong> UL FRI, O\u0160 Trzin, O\u0160 Pre\u017eihovega Voranca Ljubljana, O\u0160 prof. dr. Josipa Plemlja Bled, O\u0160 8 talcev Logatec, O\u0160 Staneta \u017dagarja Kranj, O\u0160 n.h. Maksa Pe\u010darja, O\u0160 Vojke \u0160muc Izola, O\u0160 Frana Erjavca Nova Gorica, O\u0160 Janeza Puharja Kranj, O\u0160 Elvire Vatovec Prade.<\/p>\n\n\n\n<p><strong>Vodja projekta:<\/strong> prof. dr. Sonja \u010cotar Konrad<\/p>\n\n\n\n<p><strong>Sodelavci:<\/strong> dr. Maja Lebeni\u010dnik (UP PEF), dr. Andreja Klan\u010dar (UP PEF), dr. Sanela Hudovernik (UP PEF), dr. Tina \u0160temberger (UP PEF), dr. Ana Zalokar (UP FAMNIT), dr. Karla Ferjan\u010di\u010d (UP FAMNIT) in dr. Rok Po\u017ear (UP FAMNIT).<\/p>\n\n\n\n<p><strong>Povzetek:<\/strong><\/p>\n\n\n\n<p>Projekt bo pomenil eksperimentalno in sistemsko oblikovanje podpornih okolij za vklju\u010devanje temeljnih vsebin RIN ter mehanizme izmenjave izku\u0161enj in dobrih praks, ki bodo doprinesle k smernicam razvoja in vklju\u010devanja temeljnih vsebin RIN v osnovnih \u0161olah od 6. do 9. razreda.<\/p>\n\n\n\n<p>Mednarodni in doma\u010di dokumenti analize stanja v Evropi in Sloveniji, predhodno izvedenih projektih na podro\u010dju RIN od leta 2023 dalje (B-RIN in KATARINA) ka\u017eejo potrebo po sistemski integraciji in nadgradnji pou\u010devanja temeljnih vsebin RIN. Namen projekta je oblikovati eksperimentalni na\u010drt uvajanja, implementacije in evalvacije temeljnih vsebin RIN v inovativnih oddelkih \u0161ol v zadnjem vzgojno-izobra\u017eevalnem obdobju (6. &#8211; 9.razreda).<\/p>\n\n\n\n<p>V ta namen bomo v okviru projekta naslavljali vklju\u010devanje temeljnih vsebin in razvoj znanj RIN za u\u010de\u010de se v osnovni \u0161ol od 6. do 9. razreda O\u0160.<\/p>\n\n\n\n<p>V specifi\u010dnem kontekstu razvojno &#8211; psiholo\u0161kih obdobij u\u010de\u010dih se, natan\u010dneje poznega otro\u0161tva u\u010de\u010dih se in zgodnjega mladostni\u0161tva, bomo dali poseben poudarek prilagajanju in personalizaciji didakti\u010dnih strategij pou\u010devanja temeljnih vsebin RIN zna\u010dilnostim u\u010denja u\u010de\u010dih se.<\/p>\n\n\n\n<p>V okviru projekta MARiNKA bomo dosegli naslednje rezultate:<\/p>\n\n\n\n<ul class=\"wp-block-list\">\n<li>Popis in posnetek obstoje\u010dega stanja na VIZ na podro\u010dju RIN v O\u0160 v zadnjem vzgojnoizobra\u017eeval\u010dnem obdobju, identifikacija potreb na podro\u010dju vklju\u010devanja RIN ter oblikovanje vsebinskih izhodi\u0161\u010d izvedbenega na\u010drta uvajanja temeljnih vsebin RIN.<\/li>\n\n\n\n<li>Razvoj, implementacija in evalvacija vzor\u010dnih u\u010dnih scenarijev, ki se bodo nana\u0161ali na uvajanje temeljnih vsebin RIN v osnovno \u0161olo od 6. do 9. razreda.<\/li>\n\n\n\n<li>Priprava Kataloga temeljnih znanj RIN, ki bo na osnovi \u017ee obstoje\u010dih doma\u010dih in tujih dokumentov pomenil nadgradnjo t. i. kurikularnega okvira za opredelitev temeljnih in minimalnih vsebin RIN, standardov znanj in kriterijev za vrednotenje napredka u\u010de\u010dih se.<\/li>\n\n\n\n<li>Vzpostavljena u\u010de\u010da se skupnost, ki bo imela klju\u010dno vlogo na nacionalni ravni, saj bodo gradiva in izku\u0161nje u\u010diteljev pri implementaciji na voljo vsem \u010dlanom u\u010de\u010de se skupnosti.<\/li>\n\n\n\n<li>Diseminacija in promocija uvajanja temeljnih vsebin RIN v o\u017ejem in \u0161ir\u0161em vzgojno &#8211; izobra\u017eevalnem prostoru pri nas in v tujini in oblikovanje pozitivnih stali\u0161\u010d do uvajanja temeljnih vsebin RIN kot medpredmetnih in\/ali samostojnih obveznih vsebin u\u010dnih aktivnosti v VIZ.<\/li>\n<\/ul>\n\n\n\n<p><\/p>\n\n\n\n<p><strong>Vrednost projekta:<\/strong> 657.142,86 EUR<\/p>\n","protected":false},"excerpt":{"rendered":"<p>MARiNKA Opis projekta Datum za\u010detka: 06.09.2024 Datum zaklju\u010dka: 30.06.2026 Nosilna organizacija: UP Fakulteta za matematiko, naravoslovje in informacijske tehnolgije Sodelujo\u010de organizacije: UL FRI, O\u0160 Trzin, O\u0160 Pre\u017eihovega Voranca Ljubljana, O\u0160 prof. dr. Josipa Plemlja Bled, O\u0160 8 talcev Logatec, O\u0160 Staneta \u017dagarja Kranj, O\u0160 n.h. Maksa Pe\u010darja, O\u0160 Vojke \u0160muc Izola, O\u0160 Frana Erjavca Nova [&hellip;]<\/p>\n","protected":false},"author":1,"featured_media":0,"parent":0,"menu_order":0,"comment_status":"closed","ping_status":"closed","template":"","meta":{"footnotes":""},"class_list":["post-89","page","type-page","status-publish","hentry"],"_links":{"self":[{"href":"https:\/\/rin.si\/index.php\/wp-json\/wp\/v2\/pages\/89","targetHints":{"allow":["GET"]}}],"collection":[{"href":"https:\/\/rin.si\/index.php\/wp-json\/wp\/v2\/pages"}],"about":[{"href":"https:\/\/rin.si\/index.php\/wp-json\/wp\/v2\/types\/page"}],"author":[{"embeddable":true,"href":"https:\/\/rin.si\/index.php\/wp-json\/wp\/v2\/users\/1"}],"replies":[{"embeddable":true,"href":"https:\/\/rin.si\/index.php\/wp-json\/wp\/v2\/comments?post=89"}],"version-history":[{"count":2,"href":"https:\/\/rin.si\/index.php\/wp-json\/wp\/v2\/pages\/89\/revisions"}],"predecessor-version":[{"id":91,"href":"https:\/\/rin.si\/index.php\/wp-json\/wp\/v2\/pages\/89\/revisions\/91"}],"wp:attachment":[{"href":"https:\/\/rin.si\/index.php\/wp-json\/wp\/v2\/media?parent=89"}],"curies":[{"name":"wp","href":"https:\/\/api.w.org\/{rel}","templated":true}]}}